{"id":2990,"date":"2023-03-26T00:05:36","date_gmt":"2023-03-25T23:05:36","guid":{"rendered":"https:\/\/www.jagd-amberg.de\/?page_id=2990"},"modified":"2026-04-20T22:29:10","modified_gmt":"2026-04-20T20:29:10","slug":"linksammlung-neu","status":"publish","type":"page","link":"https:\/\/www.jagd-amberg.de\/?page_id=2990","title":{"rendered":"Links"},"content":{"rendered":"\n<div class=\"wp-container-1 is-content-justification-center wp-block-buttons\">\n<div class=\"wp-block-button has-custom-width wp-block-button__width-75 is-style-fill\"><a class=\"wp-block-button__link has-text-color has-background\" href=\"https:\/\/www.jagd-bayern.de\/\" style=\"border-radius:0px;background-color:#ececec;color:#404040\" target=\"_blank\" rel=\"noreferrer noopener\">Landesjagdverband Bayern (BJV)<sup><br><em>(https:\/\/www.jagd-bayern.de)<\/em><\/sup><\/a><\/div>\n<\/div>\n\n\n\n<div style=\"height:20px\" aria-hidden=\"true\" class=\"wp-block-spacer\"><\/div>\n\n\n\n<div class=\"wp-container-2 is-content-justification-center wp-block-buttons\">\n<div class=\"wp-block-button has-custom-width wp-block-button__width-75 is-style-fill\"><a class=\"wp-block-button__link has-text-color has-background\" href=\"https:\/\/www.jagdverband.de\/\" style=\"border-radius:0px;background-color:#ececec;color:#404040\" target=\"_blank\" rel=\"noreferrer noopener\">Deutscher Jagdverband (DJV)<br><em><sup>(https:\/\/www.jagdverband.de)<\/sup><\/em><\/a><\/div>\n<\/div>\n\n\n\n<div style=\"height:20px\" aria-hidden=\"true\" class=\"wp-block-spacer\"><\/div>\n\n\n\n<div class=\"wp-container-3 is-content-justification-center wp-block-buttons\">\n<div class=\"wp-block-button has-custom-width wp-block-button__width-75 is-style-fill\"><a class=\"wp-block-button__link has-text-color has-background\" href=\"https:\/\/www.stmwi.bayern.de\/jagd-forst\/oberste-jagdbehoerde\/nachsuchengespanne\/\" style=\"border-radius:0px;background-color:#ececec;color:#404040\" target=\"_blank\" rel=\"noreferrer noopener\">Von der Regierung anerkannte Nachsuchengespanne<br><em><sup>(https:\/\/www.stmwi.bayern.de\/jagd-forst\/oberste-jagdbehoerde\/nachsuchengespanne\/)<\/sup><\/em><\/a><\/div>\n<\/div>\n\n\n\n<div style=\"height:20px\" aria-hidden=\"true\" class=\"wp-block-spacer\"><\/div>\n\n\n\n<div class=\"wp-container-4 is-content-justification-center wp-block-buttons\">\n<div class=\"wp-block-button has-custom-width wp-block-button__width-75 is-style-fill\"><a class=\"wp-block-button__link has-text-color has-background\" href=\"https:\/\/www.oberpfalzmeute.de\/\" style=\"border-radius:0px;background-color:#ececec;color:#404040\" target=\"_blank\" rel=\"noreferrer noopener\">Oberpf\u00e4lzer Saumeute<sup><br><em>(https:\/\/www.oberpfalzmeute.de)<\/em><\/sup><\/a><\/div>\n<\/div>\n\n\n\n<div style=\"height:20px\" aria-hidden=\"true\" class=\"wp-block-spacer\"><\/div>\n\n\n\n<div class=\"wp-container-5 is-content-justification-center wp-block-buttons\">\n<div class=\"wp-block-button has-custom-width wp-block-button__width-75 is-style-fill\"><a class=\"wp-block-button__link has-text-color has-background\" href=\"https:\/\/www.fernglasagentur.de\/wissenswertes\/fernglaeser-fur-jaeger\/jagd-in-deutschland\/\" style=\"border-radius:0px;background-color:#ececec;color:#404040\" target=\"_blank\" rel=\"noreferrer noopener\">Die Organisation der Jagd in Deutschland<br><em><sup>(https:\/\/www.fernglasagentur.de\/wissenswertes\/fernglaeser-fur-jaeger\/jagd-in-deutschland)<\/sup><\/em><\/a><\/div>\n<\/div>\n\n\n\n<div style=\"height:20px\" aria-hidden=\"true\" class=\"wp-block-spacer\"><\/div>\n\n\n\n<div class=\"wp-container-6 is-content-justification-center wp-block-buttons\">\n<div class=\"wp-block-button has-custom-width wp-block-button__width-75 is-style-fill\"><a class=\"wp-block-button__link has-text-color has-background\" href=\"https:\/\/www.rehkitzrettung-as.de\/\" style=\"border-radius:0px;background-color:#ececec;color:#404040\" target=\"_blank\" rel=\"noreferrer noopener\">Rehkitzrettung Amberg-Sulzbach e.V.<sup><br><em>(https:\/\/www.rehkitzrettung-as.de)<\/em><\/sup><\/a><\/div>\n<\/div>\n\n\n\n<div style=\"height:20px\" aria-hidden=\"true\" class=\"wp-block-spacer\"><\/div>\n\n\n\n<div class=\"wp-container-7 is-content-justification-center wp-block-buttons\">\n<div class=\"wp-block-button has-custom-width wp-block-button__width-75 is-style-fill\"><a class=\"wp-block-button__link has-text-color has-background\" href=\"http:\/\/www.bjv-suro.de\/\" style=\"border-radius:0px;background-color:#ececec;color:#404040\" target=\"_blank\" rel=\"noreferrer noopener\">BJV-Kreisgruppe Sulzbach-Rosenberg<br><em><sup>(http:\/\/www.bjv-suro.de)<\/sup><\/em><\/a><\/div>\n<\/div>\n\n\n\n<div style=\"height:20px\" aria-hidden=\"true\" class=\"wp-block-spacer\"><\/div>\n\n\n\n<div class=\"wp-container-8 is-content-justification-center wp-block-buttons\">\n<div class=\"wp-block-button has-custom-width wp-block-button__width-75 is-style-fill\"><a class=\"wp-block-button__link has-text-color has-background\" href=\"https:\/\/www.aelf-na.bayern.de\/landwirtschaft\/261146\/index.php\" style=\"border-radius:0px;background-color:#ececec;color:#404040\" target=\"_blank\" rel=\"noreferrer noopener\">Wildlebensraumberatung am AELF Amberg-Neumarkt i.d.Opf.<br><em><sup>(https:\/\/www.aelf-na.bayern.de\/landwirtschaft\/261146\/index.php)<\/sup><\/em><\/a><\/div>\n<\/div>\n\n\n\n<div style=\"height:20px\" aria-hidden=\"true\" class=\"wp-block-spacer\"><\/div>\n\n\n\n<div class=\"wp-container-9 is-content-justification-center wp-block-buttons\">\n<div class=\"wp-block-button has-custom-width wp-block-button__width-75 is-style-fill\"><a class=\"wp-block-button__link has-text-color has-background\" href=\"https:\/\/www.lgl.bayern.de\/tiergesundheit\/tierkrankheiten\/virusinfektionen\/asp\/infos_jaeger.htm\" style=\"border-radius:0px;background-color:#ececec;color:#404040\" target=\"_blank\" rel=\"noreferrer noopener\">Beantragung der Aufwandsentsch\u00e4digung f\u00fcr Schwarzwildbejagung beim LGL (auch als ASP-Pr\u00e4mie bekannt)<br><em><sup>(https:\/\/www.lgl.bayern.de\/tiergesundheit\/tierkrankheiten\/virusinfektionen\/asp\/infos_jaeger.htm)<\/sup><\/em><\/a><\/div>\n<\/div>\n\n\n\n<div style=\"height:20px\" aria-hidden=\"true\" class=\"wp-block-spacer\"><\/div>\n\n\n\n<div class=\"wp-container-10 is-content-justification-center wp-block-buttons\">\n<div class=\"wp-block-button has-custom-width wp-block-button__width-75 is-style-fill\"><a class=\"wp-block-button__link has-text-color has-background\" href=\"https:\/\/kids.jaegerverein.info\/\" style=\"border-radius:0px;background-color:#ececec;color:#404040\" target=\"_blank\" rel=\"noreferrer noopener\">F\u00fcr die Kleinen &#8211; eine liebevoll gestaltete Seite f\u00fcr Kinder mit allerlei Wissenswertem, Bastelideen und Unternehmungstipps rund um Jagd und Natur von unseren Freunden des J\u00e4gerverein Berching-Dietfurt e.V.<sup><br><em>(https:\/\/kids.jaegerverein.info)<\/em><\/sup><\/a><\/div>\n<\/div>\n","protected":false},"excerpt":{"rendered":"","protected":false},"author":1,"featured_media":0,"parent":0,"menu_order":0,"comment_status":"closed","ping_status":"closed","template":"","meta":[],"_links":{"self":[{"href":"https:\/\/www.jagd-amberg.de\/index.php?rest_route=\/wp\/v2\/pages\/2990"}],"collection":[{"href":"https:\/\/www.jagd-amberg.de\/index.php?rest_route=\/wp\/v2\/pages"}],"about":[{"href":"https:\/\/www.jagd-amberg.de\/index.php?rest_route=\/wp\/v2\/types\/page"}],"author":[{"embeddable":true,"href":"https:\/\/www.jagd-amberg.de\/index.php?rest_route=\/wp\/v2\/users\/1"}],"replies":[{"embeddable":true,"href":"https:\/\/www.jagd-amberg.de\/index.php?rest_route=%2Fwp%2Fv2%2Fcomments&post=2990"}],"version-history":[{"count":15,"href":"https:\/\/www.jagd-amberg.de\/index.php?rest_route=\/wp\/v2\/pages\/2990\/revisions"}],"predecessor-version":[{"id":4057,"href":"https:\/\/www.jagd-amberg.de\/index.php?rest_route=\/wp\/v2\/pages\/2990\/revisions\/4057"}],"wp:attachment":[{"href":"https:\/\/www.jagd-amberg.de\/index.php?rest_route=%2Fwp%2Fv2%2Fmedia&parent=2990"}],"curies":[{"name":"wp","href":"https:\/\/api.w.org\/{rel}","templated":true}]}}

<div class="wp-container-1 is-content-justification-center wp-block-buttons">
<div class="wp-block-button has-custom-width wp-block-button__width-75 is-style-fill"><a class="wp-block-button__link has-text-color has-background" href="https://www.jagd-bayern.de/" style="border-radius:0px;background-color:#ececec;color:#404040" target="_blank" rel="noreferrer noopener">Landesjagdverband Bayern (BJV)<sup><br><em>(https://www.jagd-bayern.de)</em></sup></a></div>
</div>



<div style="height:20px" aria-hidden="true" class="wp-block-spacer"></div>



<div class="wp-container-2 is-content-justification-center wp-block-buttons">
<div class="wp-block-button has-custom-width wp-block-button__width-75 is-style-fill"><a class="wp-block-button__link has-text-color has-background" href="https://www.jagdverband.de/" style="border-radius:0px;background-color:#ececec;color:#404040" target="_blank" rel="noreferrer noopener">Deutscher Jagdverband (DJV)<br><em><sup>(https://www.jagdverband.de)</sup></em></a></div>
</div>



<div style="height:20px" aria-hidden="true" class="wp-block-spacer"></div>



<div class="wp-container-3 is-content-justification-center wp-block-buttons">
<div class="wp-block-button has-custom-width wp-block-button__width-75 is-style-fill"><a class="wp-block-button__link has-text-color has-background" href="https://www.stmwi.bayern.de/jagd-forst/oberste-jagdbehoerde/nachsuchengespanne/" style="border-radius:0px;background-color:#ececec;color:#404040" target="_blank" rel="noreferrer noopener">Von der Regierung anerkannte Nachsuchengespanne<br><em><sup>(https://www.stmwi.bayern.de/jagd-forst/oberste-jagdbehoerde/nachsuchengespanne/)</sup></em></a></div>
</div>



<div style="height:20px" aria-hidden="true" class="wp-block-spacer"></div>



<div class="wp-container-4 is-content-justification-center wp-block-buttons">
<div class="wp-block-button has-custom-width wp-block-button__width-75 is-style-fill"><a class="wp-block-button__link has-text-color has-background" href="https://www.oberpfalzmeute.de/" style="border-radius:0px;background-color:#ececec;color:#404040" target="_blank" rel="noreferrer noopener">Oberpfälzer Saumeute<sup><br><em>(https://www.oberpfalzmeute.de)</em></sup></a></div>
</div>



<div style="height:20px" aria-hidden="true" class="wp-block-spacer"></div>



<div class="wp-container-5 is-content-justification-center wp-block-buttons">
<div class="wp-block-button has-custom-width wp-block-button__width-75 is-style-fill"><a class="wp-block-button__link has-text-color has-background" href="https://www.fernglasagentur.de/wissenswertes/fernglaeser-fur-jaeger/jagd-in-deutschland/" style="border-radius:0px;background-color:#ececec;color:#404040" target="_blank" rel="noreferrer noopener">Die Organisation der Jagd in Deutschland<br><em><sup>(https://www.fernglasagentur.de/wissenswertes/fernglaeser-fur-jaeger/jagd-in-deutschland)</sup></em></a></div>
</div>



<div style="height:20px" aria-hidden="true" class="wp-block-spacer"></div>



<div class="wp-container-6 is-content-justification-center wp-block-buttons">
<div class="wp-block-button has-custom-width wp-block-button__width-75 is-style-fill"><a class="wp-block-button__link has-text-color has-background" href="https://www.rehkitzrettung-as.de/" style="border-radius:0px;background-color:#ececec;color:#404040" target="_blank" rel="noreferrer noopener">Rehkitzrettung Amberg-Sulzbach e.V.<sup><br><em>(https://www.rehkitzrettung-as.de)</em></sup></a></div>
</div>



<div style="height:20px" aria-hidden="true" class="wp-block-spacer"></div>



<div class="wp-container-7 is-content-justification-center wp-block-buttons">
<div class="wp-block-button has-custom-width wp-block-button__width-75 is-style-fill"><a class="wp-block-button__link has-text-color has-background" href="http://www.bjv-suro.de/" style="border-radius:0px;background-color:#ececec;color:#404040" target="_blank" rel="noreferrer noopener">BJV-Kreisgruppe Sulzbach-Rosenberg<br><em><sup>(http://www.bjv-suro.de)</sup></em></a></div>
</div>



<div style="height:20px" aria-hidden="true" class="wp-block-spacer"></div>



<div class="wp-container-8 is-content-justification-center wp-block-buttons">
<div class="wp-block-button has-custom-width wp-block-button__width-75 is-style-fill"><a class="wp-block-button__link has-text-color has-background" href="https://www.aelf-na.bayern.de/landwirtschaft/261146/index.php" style="border-radius:0px;background-color:#ececec;color:#404040" target="_blank" rel="noreferrer noopener">Wildlebensraumberatung am AELF Amberg-Neumarkt i.d.Opf.<br><em><sup>(https://www.aelf-na.bayern.de/landwirtschaft/261146/index.php)</sup></em></a></div>
</div>



<div style="height:20px" aria-hidden="true" class="wp-block-spacer"></div>



<div class="wp-container-9 is-content-justification-center wp-block-buttons">
<div class="wp-block-button has-custom-width wp-block-button__width-75 is-style-fill"><a class="wp-block-button__link has-text-color has-background" href="https://www.lgl.bayern.de/tiergesundheit/tierkrankheiten/virusinfektionen/asp/infos_jaeger.htm" style="border-radius:0px;background-color:#ececec;color:#404040" target="_blank" rel="noreferrer noopener">Beantragung der Aufwandsentschädigung für Schwarzwildbejagung beim LGL (auch als ASP-Prämie bekannt)<br><em><sup>(https://www.lgl.bayern.de/tiergesundheit/tierkrankheiten/virusinfektionen/asp/infos_jaeger.htm)</sup></em></a></div>
</div>



<div style="height:20px" aria-hidden="true" class="wp-block-spacer"></div>



<div class="wp-container-10 is-content-justification-center wp-block-buttons">
<div class="wp-block-button has-custom-width wp-block-button__width-75 is-style-fill"><a class="wp-block-button__link has-text-color has-background" href="https://kids.jaegerverein.info/" style="border-radius:0px;background-color:#ececec;color:#404040" target="_blank" rel="noreferrer noopener">Für die Kleinen &#8211; eine liebevoll gestaltete Seite für Kinder mit allerlei Wissenswertem, Bastelideen und Unternehmungstipps rund um Jagd und Natur von unseren Freunden des Jägerverein Berching-Dietfurt e.V.<sup><br><em>(https://kids.jaegerverein.info)</em></sup></a></div>
</div>
