{"id":3008,"date":"2023-03-26T01:02:49","date_gmt":"2023-03-26T00:02:49","guid":{"rendered":"https:\/\/www.jagd-amberg.de\/?page_id=3008"},"modified":"2023-03-26T01:08:14","modified_gmt":"2023-03-26T00:08:14","slug":"radio-caesium-messstelle","status":"publish","type":"page","link":"https:\/\/www.jagd-amberg.de\/?page_id=3008","title":{"rendered":"Radio-C\u00e4sium-Messstelle"},"content":{"rendered":"\n<p>Um sicherzustellen, dass nur einwandfreies Wildbret in Verkehr gebracht wird, betreibt die Kreisgruppe eine eigene zertifizierte Radioc\u00e4sium-Messstation. Hier werden Proben von Schwarzwild auf eine zu hohe Strahlenbelastung gepr\u00fcft.<\/p>\n\n\n\n<p><strong>Probenentnahme<\/strong><br>Zur Untersuchung ist eine Probe von ca. 500 g Muskelfleisch erforderlich. <\/p>\n\n\n\n<p><strong>Probenabgabe<\/strong><br>Sowohl die Proben zur Trichinenuntersuchung als auch die Wildschweinproben zur Radio-C\u00e4sium-Messung k\u00f6nnen beim Veterin\u00e4ramt Amberg-Sulzbach in der Hockerm\u00fchlstra\u00dfe 53, 92224 Amberg abgegeben werden. Abgabezeiten sind Montag, Dienstag und Donnerstag jeweils von 8 bis 16 Uhr sowie Mittwoch und Freitag von 8 bis 12 Uhr.<\/p>\n\n\n\n<p>Zudem k\u00f6nnen die Proben zur Radio-C\u00e4sium-Messung direkt zum Betreiber unserer Messstation, Dr. G\u00fcnther Baumer, Falkenstra\u00dfe 11, 92245 K\u00fcmmersbruck, Tel. 09621\/83836 gebracht werden.<\/p>\n\n\n\n<p><strong>Geb\u00fchren<\/strong><br>Die Geb\u00fchren betragen 3,00 \u20ac f\u00fcr Mitglieder und 14,00 \u20ac f\u00fcr Nicht-Mitglieder. <\/p>\n\n\n\n<p><strong>Ergebnis<\/strong><br>Im Falle einer Strahlenbelastung \u00fcber dem Grenzwert von 600 Becquerel pro Kilogramm muss das St\u00fcck entsorgt werden und es erfolgt eine Entsch\u00e4digung nach dem Atom-Ausgleichsgesetz. Den Antrag hierzu erhalten Sie mit dem schriftlichen Protokoll \u00fcber die Messung.<\/p>\n","protected":false},"excerpt":{"rendered":"<p>Um sicherzustellen, dass nur einwandfreies Wildbret in Verkehr gebracht wird, betreibt die Kreisgruppe eine eigene zertifizierte Radioc\u00e4sium-Messstation. Hier werden Proben von Schwarzwild auf eine zu hohe Strahlenbelastung gepr\u00fcft. ProbenentnahmeZur Untersuchung ist eine Probe&#46;&#46;&#46;<\/p>\n","protected":false},"author":1,"featured_media":0,"parent":0,"menu_order":0,"comment_status":"closed","ping_status":"closed","template":"","meta":[],"_links":{"self":[{"href":"https:\/\/www.jagd-amberg.de\/index.php?rest_route=\/wp\/v2\/pages\/3008"}],"collection":[{"href":"https:\/\/www.jagd-amberg.de\/index.php?rest_route=\/wp\/v2\/pages"}],"about":[{"href":"https:\/\/www.jagd-amberg.de\/index.php?rest_route=\/wp\/v2\/types\/page"}],"author":[{"embeddable":true,"href":"https:\/\/www.jagd-amberg.de\/index.php?rest_route=\/wp\/v2\/users\/1"}],"replies":[{"embeddable":true,"href":"https:\/\/www.jagd-amberg.de\/index.php?rest_route=%2Fwp%2Fv2%2Fcomments&post=3008"}],"version-history":[{"count":3,"href":"https:\/\/www.jagd-amberg.de\/index.php?rest_route=\/wp\/v2\/pages\/3008\/revisions"}],"predecessor-version":[{"id":3013,"href":"https:\/\/www.jagd-amberg.de\/index.php?rest_route=\/wp\/v2\/pages\/3008\/revisions\/3013"}],"wp:attachment":[{"href":"https:\/\/www.jagd-amberg.de\/index.php?rest_route=%2Fwp%2Fv2%2Fmedia&parent=3008"}],"curies":[{"name":"wp","href":"https:\/\/api.w.org\/{rel}","templated":true}]}}