{"id":3014,"date":"2023-03-26T01:25:09","date_gmt":"2023-03-26T00:25:09","guid":{"rendered":"https:\/\/www.jagd-amberg.de\/?page_id=3014"},"modified":"2023-03-26T01:33:57","modified_gmt":"2023-03-26T00:33:57","slug":"trichinenuntersuchung","status":"publish","type":"page","link":"https:\/\/www.jagd-amberg.de\/?page_id=3014","title":{"rendered":"Trichinenschau"},"content":{"rendered":"\n<p>Wildschwein, Dachs und alle Wildtierarten, die Tr\u00e4ger von Trichinen sein k\u00f6nnen, m\u00fcssen vor dem Inverkehrbringen verpflichtend einer amtlichen Untersuchung auf Trichinen unterzogen werden.<\/p>\n\n\n\n<p>Seit 01.04.2020 wird die Untersuchungsgeb\u00fchr f\u00fcr im Landkreis Amberg-Sulzbach erlegte Wildschweine vom Landkreis \u00fcbernommen und ist daher f\u00fcr uns J\u00e4ger kostenfrei. <\/p>\n\n\n\n<p><strong>Abgabestellen:<\/strong><br>Veterin\u00e4ramt Amberg-Sulzbach<br>Hockerm\u00fchlstra\u00dfe 53, 92224 Amberg <br>Abgabezeiten sind Montag bis Donnerstag jeweils von 8 bis 16 Uhr und Freitag von 8 bis 12 Uhr<\/p>\n\n\n\n<p>Tierarztpraxis Dr. Gradl<br>Sulzbacher Str. 14a, 92237 Sulzbach-Rosenberg, Tel. 09661\/7846<br>Untersuchungen Montag &#8211; Freitag<\/p>\n\n\n\n<p>Tierarztpraxis Eduard Wensler<br>Ziegelh\u00fcttenweg 32, 92242 Hirschau, Tel. 09622\/1616<br>Untersuchungen Dienstag und Freitag<br><\/p>\n\n\n\n<p>Tierarztpraxis Dieter Graf<br>Bernreuther Str. 18, 91275 Auerbach, Tel. 09643\/91151<br>Untersuchungen Montag (bei Abgabe bis 10:00 Uhr ansonsten nach R\u00fccksprache)<br><\/p>\n\n\n\n<p>Sammelstelle Hahnbach, Geilersd\u00f6rfer Direktvermarktung<br>Schalkenthan 14, Tel. 09664\/952385<br><\/p>\n\n\n\n<p>Sammelstelle Schmidm\u00fchlen, Metzgerei Spie\u00df<br>Hauptstra\u00dfe 16, Tel. 09474\/587<br><\/p>\n\n\n\n<p>Bei Sammelstellen an Metzgereibetrieben richtet sich die Sperrfrist nach den Fleischbeschauzeiten in den Betrieben und wird individuell vermerkt.<\/p>\n","protected":false},"excerpt":{"rendered":"<p>Wildschwein, Dachs und alle Wildtierarten, die Tr\u00e4ger von Trichinen sein k\u00f6nnen, m\u00fcssen vor dem Inverkehrbringen verpflichtend einer amtlichen Untersuchung auf Trichinen unterzogen werden. Seit 01.04.2020 wird die Untersuchungsgeb\u00fchr f\u00fcr im Landkreis Amberg-Sulzbach erlegte&#46;&#46;&#46;<\/p>\n","protected":false},"author":1,"featured_media":0,"parent":0,"menu_order":0,"comment_status":"closed","ping_status":"closed","template":"","meta":[],"_links":{"self":[{"href":"https:\/\/www.jagd-amberg.de\/index.php?rest_route=\/wp\/v2\/pages\/3014"}],"collection":[{"href":"https:\/\/www.jagd-amberg.de\/index.php?rest_route=\/wp\/v2\/pages"}],"about":[{"href":"https:\/\/www.jagd-amberg.de\/index.php?rest_route=\/wp\/v2\/types\/page"}],"author":[{"embeddable":true,"href":"https:\/\/www.jagd-amberg.de\/index.php?rest_route=\/wp\/v2\/users\/1"}],"replies":[{"embeddable":true,"href":"https:\/\/www.jagd-amberg.de\/index.php?rest_route=%2Fwp%2Fv2%2Fcomments&post=3014"}],"version-history":[{"count":6,"href":"https:\/\/www.jagd-amberg.de\/index.php?rest_route=\/wp\/v2\/pages\/3014\/revisions"}],"predecessor-version":[{"id":3021,"href":"https:\/\/www.jagd-amberg.de\/index.php?rest_route=\/wp\/v2\/pages\/3014\/revisions\/3021"}],"wp:attachment":[{"href":"https:\/\/www.jagd-amberg.de\/index.php?rest_route=%2Fwp%2Fv2%2Fmedia&parent=3014"}],"curies":[{"name":"wp","href":"https:\/\/api.w.org\/{rel}","templated":true}]}}