{"id":3286,"date":"2023-12-03T23:11:30","date_gmt":"2023-12-03T22:11:30","guid":{"rendered":"https:\/\/www.jagd-amberg.de\/?page_id=3286"},"modified":"2023-12-04T22:24:23","modified_gmt":"2023-12-04T21:24:23","slug":"hoerprobe","status":"publish","type":"page","link":"https:\/\/www.jagd-amberg.de\/?page_id=3286","title":{"rendered":"H\u00f6rprobe"},"content":{"rendered":"\n<p>Wir laden Sie herzlich dazu ein, in den folgenden Videos den wunderbaren H\u00f6rnerkl\u00e4ngen unserer Bl\u00e4sergruppe zu lauschen.<\/p>\n\n\n\n<div style=\"height:20px\" aria-hidden=\"true\" class=\"wp-block-spacer\"><\/div>\n\n\n\n<figure class=\"wp-block-video aligncenter\"><video controls preload=\"auto\" src=\"https:\/\/www.jagd-amberg.de\/wp-content\/uploads\/2023\/12\/231118_Sammeln-der-Jaeger_Introitus_small.mp4\"><\/video><figcaption>Die Amberger Jagdhornbl\u00e4ser mit den St\u00fccken &#8220;Sammeln der J\u00e4ger&#8221; und &#8220;Introitus&#8221; anl\u00e4sslich der Hubertusfeier am 18.11.2023<\/figcaption><\/figure>\n\n\n\n<div style=\"height:40px\" aria-hidden=\"true\" class=\"wp-block-spacer\"><\/div>\n\n\n\n<figure class=\"wp-block-video aligncenter\"><video controls src=\"https:\/\/www.jagd-amberg.de\/wp-content\/uploads\/2023\/12\/231118_Festmarsch.mp4\"><\/video><figcaption>Die Amberger Jagdhornbl\u00e4ser mit dem St\u00fcck &#8220;Festmarsch&#8221; anl\u00e4sslich der Hubertusfeier am 18.11.2023<\/figcaption><\/figure>\n","protected":false},"excerpt":{"rendered":"<p>Wir laden Sie herzlich dazu ein, in den folgenden Videos den wunderbaren H\u00f6rnerkl\u00e4ngen unserer Bl\u00e4sergruppe zu lauschen.<\/p>\n","protected":false},"author":1,"featured_media":0,"parent":0,"menu_order":0,"comment_status":"closed","ping_status":"closed","template":"","meta":[],"_links":{"self":[{"href":"https:\/\/www.jagd-amberg.de\/index.php?rest_route=\/wp\/v2\/pages\/3286"}],"collection":[{"href":"https:\/\/www.jagd-amberg.de\/index.php?rest_route=\/wp\/v2\/pages"}],"about":[{"href":"https:\/\/www.jagd-amberg.de\/index.php?rest_route=\/wp\/v2\/types\/page"}],"author":[{"embeddable":true,"href":"https:\/\/www.jagd-amberg.de\/index.php?rest_route=\/wp\/v2\/users\/1"}],"replies":[{"embeddable":true,"href":"https:\/\/www.jagd-amberg.de\/index.php?rest_route=%2Fwp%2Fv2%2Fcomments&post=3286"}],"version-history":[{"count":3,"href":"https:\/\/www.jagd-amberg.de\/index.php?rest_route=\/wp\/v2\/pages\/3286\/revisions"}],"predecessor-version":[{"id":3294,"href":"https:\/\/www.jagd-amberg.de\/index.php?rest_route=\/wp\/v2\/pages\/3286\/revisions\/3294"}],"wp:attachment":[{"href":"https:\/\/www.jagd-amberg.de\/index.php?rest_route=%2Fwp%2Fv2%2Fmedia&parent=3286"}],"curies":[{"name":"wp","href":"https:\/\/api.w.org\/{rel}","templated":true}]}}

Hörprobe

<p>Wir laden Sie herzlich dazu ein, in den folgenden Videos den wunderbaren Hörnerklängen unserer Bläsergruppe zu lauschen.</p>



<div style="height:20px" aria-hidden="true" class="wp-block-spacer"></div>



<figure class="wp-block-video aligncenter"><video controls preload="auto" src="https://www.jagd-amberg.de/wp-content/uploads/2023/12/231118_Sammeln-der-Jaeger_Introitus_small.mp4"></video><figcaption>Die Amberger Jagdhornbläser mit den Stücken &#8220;Sammeln der Jäger&#8221; und &#8220;Introitus&#8221; anlässlich der Hubertusfeier am 18.11.2023</figcaption></figure>



<div style="height:40px" aria-hidden="true" class="wp-block-spacer"></div>



<figure class="wp-block-video aligncenter"><video controls src="https://www.jagd-amberg.de/wp-content/uploads/2023/12/231118_Festmarsch.mp4"></video><figcaption>Die Amberger Jagdhornbläser mit dem Stück &#8220;Festmarsch&#8221; anlässlich der Hubertusfeier am 18.11.2023</figcaption></figure>

<p>Wir laden Sie herzlich dazu ein, in den folgenden Videos den wunderbaren Hörnerklängen unserer Bläsergruppe zu lauschen.</p>
