{"id":574,"date":"2016-04-27T17:23:35","date_gmt":"2016-04-27T15:23:35","guid":{"rendered":"http:\/\/jagdamberg.bplaced.net\/wordpress\/?page_id=574"},"modified":"2025-10-16T16:19:23","modified_gmt":"2025-10-16T14:19:23","slug":"jagdkurs","status":"publish","type":"page","link":"https:\/\/www.jagd-amberg.de\/?page_id=574","title":{"rendered":"Jagdkurs"},"content":{"rendered":"<h4>Ausbildungslehrgang zur J\u00e4gerpr\u00fcfung<\/h4>\n\n\t\t<style>\n\t\t\t#gallery-1 {\n\t\t\t\tmargin: auto;\n\t\t\t}\n\t\t\t#gallery-1 .gallery-item {\n\t\t\t\tfloat: left;\n\t\t\t\tmargin-top: 10px;\n\t\t\t\ttext-align: center;\n\t\t\t\twidth: 50%;\n\t\t\t}\n\t\t\t#gallery-1 img {\n\t\t\t\tborder: 2px solid #cfcfcf;\n\t\t\t}\n\t\t\t#gallery-1 .gallery-caption {\n\t\t\t\tmargin-left: 0;\n\t\t\t}\n\t\t\t\/* see gallery_shortcode() in wp-includes\/media.php *\/\n\t\t<\/style>\n\t\t<div id='gallery-1' class='gallery galleryid-574 gallery-columns-2 gallery-size-full'><dl class='gallery-item'>\n\t\t\t<dt class='gallery-icon portrait'>\n\t\t\t\t<a href='https:\/\/www.jagd-amberg.de\/?attachment_id=2761'><img width=\"1123\" height=\"1588\" src=\"https:\/\/www.jagd-amberg.de\/wp-content\/uploads\/2023\/01\/Plakat_Jagdkurs.jpg\" class=\"attachment-full size-full\" alt=\"\" loading=\"lazy\" srcset=\"https:\/\/www.jagd-amberg.de\/wp-content\/uploads\/2023\/01\/Plakat_Jagdkurs.jpg 1123w, https:\/\/www.jagd-amberg.de\/wp-content\/uploads\/2023\/01\/Plakat_Jagdkurs-212x300.jpg 212w, https:\/\/www.jagd-amberg.de\/wp-content\/uploads\/2023\/01\/Plakat_Jagdkurs-724x1024.jpg 724w, https:\/\/www.jagd-amberg.de\/wp-content\/uploads\/2023\/01\/Plakat_Jagdkurs-768x1086.jpg 768w, https:\/\/www.jagd-amberg.de\/wp-content\/uploads\/2023\/01\/Plakat_Jagdkurs-1086x1536.jpg 1086w\" sizes=\"(max-width: 1123px) 100vw, 1123px\" \/><\/a>\n\t\t\t<\/dt><\/dl><dl class='gallery-item'>\n\t\t\t<dt class='gallery-icon portrait'>\n\t\t\t\t<a href='https:\/\/www.jagd-amberg.de\/?attachment_id=3819'><img width=\"1365\" height=\"1958\" src=\"https:\/\/www.jagd-amberg.de\/wp-content\/uploads\/2025\/10\/Flyer_Jagdkurs.jpg\" class=\"attachment-full size-full\" alt=\"\" loading=\"lazy\" srcset=\"https:\/\/www.jagd-amberg.de\/wp-content\/uploads\/2025\/10\/Flyer_Jagdkurs.jpg 1365w, https:\/\/www.jagd-amberg.de\/wp-content\/uploads\/2025\/10\/Flyer_Jagdkurs-209x300.jpg 209w, https:\/\/www.jagd-amberg.de\/wp-content\/uploads\/2025\/10\/Flyer_Jagdkurs-714x1024.jpg 714w, https:\/\/www.jagd-amberg.de\/wp-content\/uploads\/2025\/10\/Flyer_Jagdkurs-768x1102.jpg 768w, https:\/\/www.jagd-amberg.de\/wp-content\/uploads\/2025\/10\/Flyer_Jagdkurs-1071x1536.jpg 1071w\" sizes=\"(max-width: 1365px) 100vw, 1365px\" \/><\/a>\n\t\t\t<\/dt><\/dl><br style=\"clear: both\" \/>\n\t\t<\/div>\n\n<p>Die J\u00e4gerpr\u00fcfungsordnung gibt vor, dass Voraussetzung zur Zulassung zur staatlichen J\u00e4gerpr\u00fcfung die Ableistung einer jagdlichen Ausbildung ist, die mindestens 120 Stunden umfassen muss, wobei jeweils auf den praktischen und theoretischen Teil mindestens 60 Stunden entfallen m\u00fcssen. Die J\u00e4gerpr\u00fcfung besteht aus einem schriftlichen, m\u00fcndlichen und praktischen Teil. Pr\u00fcfungsstandort f\u00fcr die hiesige Region ist das Amt f\u00fcr Ern\u00e4hrung, Landwirtschaft und Forsten in Amberg.<\/p>\n<p>Pr\u00fcfungsf\u00e4cher bei der m\u00fcndlichen und schriftlichen Pr\u00fcfung sind:<\/p>\n<p>1. Jagdwaffen, Jagd- und Fangger\u00e4te<br \/>\n2. Biologie der Wildarten<br \/>\n3. Rechtliche Vorschriften<br \/>\n4. Wildhege, Jagdbetrieb und jagdliche Praxis<br \/>\n5. Jagdhundewesen<br \/>\n6. Naturschutz, Landbau, Forstwesen, Wild- und Jagdschadensverh\u00fctung<\/p>\n<p>Der praktische Teil der Pr\u00fcfung besteht aus den Disziplinen sichere Waffenhandhabung und B\u00fcchsenschie\u00dfen. Beim B\u00fcchsenschie\u00dfen ist eine Mindestringzahl auf einer Scheibe aus einer Schussentfernung von 100 m zu erreichen.<\/p>\n<p>Pr\u00fcfungsstand beim B\u00fcchsenschie\u00dfen ist der bei Amberg durch die Kreisgruppe Amberg und die Kreisgruppe Sulzbach-Rosenberg betriebene Kugelstand oder je nach Witterung der Schie\u00dfstand der Feuersch\u00fctzen in Amberg. Unsere Kursteilnehmer werden dabei w\u00e4hrend der Ausbildung auch an dem Schie\u00dfstand \u00fcben, an dem sie dann die Schie\u00dfpr\u00fcfung ablegen.<\/p>\n<p>W\u00e4hrend der Ausbildung m\u00fcssen nach der Vorgabe der Pr\u00fcfungsverordnung verschiedene Schie\u00dfdisziplinen absolviert werden. Beim Flintenschie\u00dfen sind mindestens 250 Tontauben zu beschie\u00dfen. Hierbei m\u00fcssen innerhalb einer 10er-Serie einmalig mindestens 3 Treffer erzielt werden. In der Disziplin \u201efl\u00fcchtiger \u00dcberl\u00e4ufer\u201c m\u00fcssen einmalig bei einer 5er-Serie mindestens 3 Treffer innerhalb des Trefferfeldes erzielt werden. Es ist mit Pistole und Revolver ohne Trefferergebnis zu schie\u00dfen und es sind mindestens 5 Sch\u00fcsse auf eine sog. jagdliche Real-Filmsequenz zu machen.<\/p>\n<p>Nach Bestehen des schriftlichen Teils der J\u00e4gerpr\u00fcfung k\u00f6nnen der m\u00fcndliche und der praktische Teil der Pr\u00fcfung innerhalb eines Zeitraums von 2 Jahren jeweils 2 x wiederholt werden.<\/p>\n<p>Die Kreisgruppe Amberg im Landesjagdverband f\u00fchrt j\u00e4hrlich einen Ausbildungslehrgang zur Vorbereitung auf die J\u00e4gerpr\u00fcfung durch. Der Lehrgang hat eine Dauer von ca. 10 Monaten und bereitet jeweils auf die Fr\u00fchjahrspr\u00fcfung im Februar\/M\u00e4rz eines Jahres vor. Unser Ausbildungslehrgang beginnt dabei im M\u00e4rz\/April eines Jahres. Jeweils im Februar eines Jahres informieren wir anl\u00e4sslich einer Informationsveranstaltung Interessenten unverbindlich \u00fcber die Anforderungen der J\u00e4gerpr\u00fcfung und den Ablauf des jeweiligen Kurses. Der Lehrgang ist mit kompakten Unterrichtseinheiten versehen. An einem Wochenende im Monat findet praktischer und theoretischer Unterricht statt. An diesem einen Wochenende im Monat ist freitags Unterricht von 18:00 bis 21:00 Uhr. Samstags findet zu unterschiedlichen Zeiten praktischer und theoretischer Unterricht statt. Sonntags erfolgt die Ausbildung jeweils von 10:00 bis 17:00 Uhr.<\/p>\n<p>Wir bieten eine fundierte theoretische und praxisorientierte Ausbildung in den einzelnen Pr\u00fcfungsf\u00e4chern. Die theoretische und praktische Ausbildung in unserem Ausbildungslehrgang ist derart angelegt, dass die Mindestanzahl der zu leistenden Stunden gerade in der theoretischen Ausbildung in den einzelnen Pr\u00fcfungsf\u00e4cheren wesentlich \u00fcberschritten wird.<\/p>\n<p>Die Kursgeb\u00fchr betr\u00e4gt 1.550,00 \u20ac. Diese Kursgeb\u00fchr umfasst bis auf die Pr\u00fcfungsgeb\u00fchr s\u00e4mtliche Kosten der Ausbildung. Umfasst sind also Lehrmittel und Skripten, Kosten der Schie\u00df\u00fcbungen (Standgeb\u00fchren, Schie\u00dflehrer, Tontauben, Munition usw.). Weiter in der Kursgeb\u00fchr beinhaltet ist ein Fallenlehrgang, die Benutzung von Ausbildungswaffen, Haftpflicht- und Unfallversicherung usw.\u00a0 Die Kursgeb\u00fchr ist jeweils zu Beginn eines Ausbildungslehrgangs f\u00e4llig. Die zum Ende des Kurses hin an die Pr\u00fcfungsbeh\u00f6rde zu leistende Pr\u00fcfungsgeb\u00fchr betr\u00e4gt 280,00 \u20ac.<\/p>\n<p>Aus versicherungstechnischen Gr\u00fcnden werden alle Kursteilnehmer als Mitglieder in unsere Kreisgruppe aufgenommen. Die Mitgliedschaft ist im Jahr des Kursbeginns sowie im darauffolgenden Kalenderjahr durch die Kursgeb\u00fchr abgegolten. Anschlie\u00dfend l\u00e4uft die Mitgliedschaft zum regul\u00e4ren Beitragssatz von 71 \u20ac j\u00e4hrlich weiter. (Alle weiteren Informationen zur Mitgliedschaft sind <a href=\"https:\/\/www.jagd-amberg.de\/?page_id=279\">hier<\/a> einsehbar.)<\/p>\n<p>Als Ausbilder fungieren in Praxis und Theorie kundige und pr\u00fcfungserfahrene J\u00e4ger, so Dr. G\u00fcnther Baumer, Ekkehard Zink, Martin Kuchenreuter, Martin Seits, Christian Riedl, Richard Schober, Thomas Spie\u00df usw.<\/p>\n<p>Die theoretische Ausbildung und Teile der praktischen Ausbildung finden in unserem Vereinsheim bei Atzlricht bei Amberg statt. Ansonsten findet die praktische Ausbildung in unserem Lehrrevier statt.<\/p>\n<p>\u00dcbersteigt die Zahl der Kursinteressenten die maximale Teilnehmerzahl des Ausbildungslehrganges, wie regelm\u00e4\u00dfig in den letzten Jahren, werden Interessenten nach der zeitlichen Reihenfolge ihrer telefonischen Anmeldungen ber\u00fccksichtigt. Aufgrund der in den letzten Jahren steigenden Zahl der Bewerber ist deshalb eine fr\u00fchzeitige Kontaktaufnahme zu unserem Ausbildungslehrgang ratsam.<\/p>\n<p>Unverbindliche Informationen zu unserem Ausbildungslehrgang k\u00f6nnen beispielsweise bei Herrn Ekkehard Zink (09621\/22441) eingeholt werden.<\/p>\n","protected":false},"excerpt":{"rendered":"<p>Ausbildungslehrgang zur J\u00e4gerpr\u00fcfung Die J\u00e4gerpr\u00fcfungsordnung gibt vor, dass Voraussetzung zur Zulassung zur staatlichen J\u00e4gerpr\u00fcfung die Ableistung einer jagdlichen Ausbildung ist, die mindestens 120 Stunden umfassen muss, wobei jeweils auf den praktischen und theoretischen&#46;&#46;&#46;<\/p>\n","protected":false},"author":1,"featured_media":0,"parent":0,"menu_order":0,"comment_status":"closed","ping_status":"closed","template":"","meta":[],"_links":{"self":[{"href":"https:\/\/www.jagd-amberg.de\/index.php?rest_route=\/wp\/v2\/pages\/574"}],"collection":[{"href":"https:\/\/www.jagd-amberg.de\/index.php?rest_route=\/wp\/v2\/pages"}],"about":[{"href":"https:\/\/www.jagd-amberg.de\/index.php?rest_route=\/wp\/v2\/types\/page"}],"author":[{"embeddable":true,"href":"https:\/\/www.jagd-amberg.de\/index.php?rest_route=\/wp\/v2\/users\/1"}],"replies":[{"embeddable":true,"href":"https:\/\/www.jagd-amberg.de\/index.php?rest_route=%2Fwp%2Fv2%2Fcomments&post=574"}],"version-history":[{"count":11,"href":"https:\/\/www.jagd-amberg.de\/index.php?rest_route=\/wp\/v2\/pages\/574\/revisions"}],"predecessor-version":[{"id":3821,"href":"https:\/\/www.jagd-amberg.de\/index.php?rest_route=\/wp\/v2\/pages\/574\/revisions\/3821"}],"wp:attachment":[{"href":"https:\/\/www.jagd-amberg.de\/index.php?rest_route=%2Fwp%2Fv2%2Fmedia&parent=574"}],"curies":[{"name":"wp","href":"https:\/\/api.w.org\/{rel}","templated":true}]}}